rs of 616211?
616211
List the prime factors of 10176995.
5, 2035399
What are the prime factors of 5749322?
2, 31, 47, 1973
What are the prime factors of 6502081?
103, 63127
List the prime factors of 1831.
1831
What are the prime factors of 2337730?
2, 5, 157, 1489
List the prime factors of 3255414.
2, 3, 263, 2063
What are the prime factors of 2486585?
5, 37, 13441
What are the prime factors of 2219318?
2, 71, 15629
List the prime factors of 245492.
2, 13, 4721
What are the prime factors of 198016?
2, 7, 13, 17
List the prime factors of 939426.
2, 3, 29, 5399
What are the prime factors of 11442214?
2, 7, 43, 83, 229
List the prime factors of 9136361.
13, 17, 41341
What are the prime factors of 120439?
11, 10949
What are the prime factors of 449300?
2, 5, 4493
What are the prime factors of 364324?
2, 91081
List the prime factors of 6494920.
2, 5, 397, 409
List the prime factors of 3408372.
2, 3, 11, 19, 151
What are the prime factors of 3366949?
953, 3533
List the prime factors of 20533.
20533
What are the prime factors of 763342?
2, 59, 6469
List the prime factors of 3008546.
2, 131, 11483
What are the prime factors of 1190986?
2, 17, 23, 1523
List the prime factors of 7957786.
2, 3978893
What are the prime factors of 360287?
360287
List the prime factors of 511600.
2, 5, 1279
What are the prime factors of 13869343?
73, 313, 607
What are the prime factors of 801653?
349, 2297
What are the prime factors of 1934328?
2, 3, 11, 17, 431
What are the prime factors of 199151?
199151
What are the prime factors of 654344?
2, 263, 311
List the prime factors of 4949986.
2, 479, 5167
What are the prime factors of 19761658?
2, 7, 631, 2237
List the prime factors of 10401.
3, 3467
What are the prime factors of 6627079?
1499, 4421
List the prime factors of 1551983.
173, 8971
List the prime factors of 612877.
612877
List the prime factors of 1157290.
2, 5, 19, 6091
List the prime factors of 3479528.
2, 13, 33457
What are the prime factors of 6412658?
2, 7, 458047
What are the prime factors of 1208662?
2, 7, 13, 29, 229
What are the prime factors of 889297?
31, 28687
What are the prime factors of 1260342?
2, 3, 70019
List the prime factors of 9955903.
29, 343307
What are the prime factors of 10256702?
2, 5128351
What are the prime factors of 455692?
2, 37, 3079
List the prime factors of 764249.
764249
List the prime factors of 8444948.
2, 67, 31511
List the prime factors of 600350.
2, 5, 12007
What are the prime factors of 23233062?
2, 3, 251, 15427
List the prime factors of 162942.
2, 3, 13, 2089
List the prime factors of 386397.
3, 11, 1301
What are the prime factors of 9279898?
2, 83, 55903
What are the prime factors of 912350?
2, 5, 71, 257
What are the prime factors of 251031?
3, 11, 7607
What are the prime factors of 502771?
502771
List the prime factors of 173680.
2, 5, 13, 167
What are the prime factors of 547630?
2, 5, 23, 2381
List the prime factors of 529988.
2, 37, 3581
List the prime factors of 2775784.
2, 11, 31543
List the prime factors of 385409.
43, 8963
List the prime factors of 2124368.
2, 31, 4283
List the prime factors of 11949267.
3, 11, 362099
What are the prime factors of 244840?
2, 5, 6121
List the prime factors of 306573.
3, 102191
List the prime factors of 79313.
13, 6101
What are the prime factors of 1645383?
3, 548461
What are the prime factors of 34397?
11, 53, 59
List the prime factors of 9422540.
2, 5, 251, 1877
What are the prime factors of 4843956?
2, 3, 13, 31051
What are the prime factors of 83895?
3, 5, 7, 17, 47
What are the prime factors of 416505?
3, 5, 27767
What are the prime factors of 195614?
2, 47, 2081
What are the prime factors of 1532299?
31, 49429
List the prime factors of 10520142.
2, 3, 709, 2473
List the prime factors of 272728.
2, 73, 467
List the prime factors of 4290073.
227, 18899
List the prime factors of 2330210.
2, 5, 233021
List the prime factors of 1017654.
2, 3, 11, 17, 907
What are the prime factors of 1507776?
2, 3, 7853
What are the prime factors of 30655748?
2, 467, 16411
What are the prime factors of 125514?
2, 3, 19, 367
What are the prime factors of 1444741?
19, 76039
List the prime factors of 4813850.
2, 5, 43, 2239
What are the prime factors of 10936400?
2, 5, 19, 1439
What are the prime factors of 113844?
2, 3, 53, 179
What are the prime factors of 1758453?
3, 269, 2179
What are the prime factors of 490873?
331, 1483
List the prime factors of 30084827.
30084827
List the prime factors of 148651.
43, 3457
List the prime factors of 109149.
3, 36383
What are the prime factors of 374767?
29, 12923
List the prime factors of 237213.
3, 26357
What are the prime factors of 539510?
2, 5, 53951
What are the prime factors of 2320712?
2, 263, 1103
What are the prime factors of 12991790?
2, 5, 7, 31, 5987
What are the prime factors of 8189891?
47, 271, 643
List the prime factors of 1963730.
2, 5, 359, 547
List the prime factors of 6285371.
19, 23, 757
List the prime factors of 3335541.
3, 11, 61, 1657
List the prime factors of 5806892.
2, 7, 13, 43, 53
What are the prime factors of 6454809?
3, 101, 263
List the prime factors of 134066.
2, 67033
List the prime factors of 2478631.
2478631
List the prime factors of 789756.
2, 3, 11, 31, 193
List the prime factors of 84264.
2, 3, 3511
List the prime factors of 35422489.
179, 197891
List the prime factors of 3306555.
3, 5, 7, 3499
List the prime factors of 61401.
3, 97, 211
What are the prime factors of 2262053?
2262053
List the prime factors of 2032956.
2, 3, 149, 379
What are the prime factors of 119345?
5, 23869
What are the prime factors of 677016?
2, 3, 9403
List the prime factors of 982639.
7, 229, 613
List the prime factors of 1810031.
23, 78697
What are the prime factors of 58944?
2, 3, 307
What are the prime factors of 1550670?
2, 3, 5, 11, 37, 127
What are the prime factors of 51580?
2, 5, 2579
What are the prime factors of 7758834?
2, 3, 17, 29, 43, 61
List the prime factors of 442985.
5, 19, 4663
What are the prime factors of 1156426?
2, 578213
List the prime factors of 8686478.
2, 1171, 3709
What are the prime factors of 5608105?
5, 1121621
What are the prime factors of 1027596?
2, 3, 19, 4507
List the prime factors of 529618.
2, 17, 37, 421
List the prime factors of 48140.
2, 5, 29, 83
What are the prime factors of 734880?
2, 3, 5, 1531
What are the prime factors of 1015358?
2, 23, 22073
List the prime factors of 1813342.
2, 53, 17107
What are the prime factors of 2329463?
23, 101281
What are the prime factors of 54481?
7, 43, 181
List the prime factors of 83047.
83047
List the prime factors of 232643.
232643
What are the prime factors of 257500?
2, 5, 103
What are the prime factors of 8222280?
2, 3, 5, 11, 6229
List the prime factors of 133278.
2, 3, 97, 229
List the prime factors of 157705.
5, 31541
What are the prime factors of 4522362?
2, 3, 13, 37, 1567
What are the prime factors of 246643?
246643
List the prime factors of 16101.
3, 1789
List the prime factors of 88955.
5, 17791
List the prime factors of 3354073.
3354073
List the prime factors of 11274900.
2, 3, 5, 7, 13, 59
What are the prime factors of 8222902?
2, 103, 179, 223
List the prime factors of 9312951.
3, 103, 30139
What are the prime factors of 282137?
67, 4211
What are the prime factors of 598194?
2, 3, 167, 199
List the prime factors of 18518.
2, 47, 197
What are the prime factors of 20695?
5, 4139
What are the prime factors of 5325335?
5, 17, 31, 43, 47
List the prime factors of 17131346.
2, 8565673
What are the prime factors of 6462929?
11, 587539
What are the prime factors of 1771572?
2, 3, 11, 13421
List the prime factors of 726763.
151, 4813
What are the prime factors of 156882?
2, 3, 11, 2377
What are the prime factors of 488093?
43, 11351
List the prime factors of 2736685.
5, 7, 78191
What are the prime factors of 300664?
2, 7, 13, 59
List the prime factors of 153886.
2, 76943
What are the prime factors of 1862165?
5, 131, 2843
List the prime factors of 4250086.
2, 2125043
List the prime factors of 2116722.
2, 3, 587, 601
What are the prime factors of 39358?
2, 11, 1789
List the prime factors of 603401.
603401
List the prime factors of 209098.
2, 104549
List the prime factors of 239264.
2, 7477
List the prime factors of 21170601.
3, 2352289
List the prime factors